 7)))?
3
What is the value of (3 - (-2 - -1)) + -7 + 6?
3
What is the value of -5 + (-4 - 0) + 8 - -2?
1
Calculate -1 + 4 + -8 + 2 + 5.
2
-2 - (0 - -1 - 8 - 0)
5
Evaluate -4 - 0 - -3 - (1 + -4).
2
What is the value of (2 - 6 - -3) + 0?
-1
Evaluate 0 + 2 - (41 - 45).
6
What is the value of -1 + -4 + 8 + 5 + -6?
2
What is the value of 106 + -97 + -6 + 1?
4
2 + (-9 + 20 - 9)
4
What is the value of 2 + (-12 - -1) + 7?
-2
(5 - 10) + -2 + 1
-6
Calculate 0 + 3 + -2 + -6.
-5
What is the value of -6 - (4 + -2 + -3)?
-5
Evaluate 4 + (-9 - (-6 - -2)) - -2.
1
Evaluate 7 + -5 + 2 + -10.
-6
What is the value of (1 - 4) + 4 + 3?
4
What is the value of 1 + -4 + 8 - 3?
2
4 + -4 + 1 + (12 - 5)
8
What is the value of -3 - 0 - ((-5 - 19) + 19)?
2
What is the value of -4 + 7 + -2 + 0?
1
Calculate -8 + (3 - -3) - -2 - -4.
4
Calculate (7 - (2 + 10)) + (1 - -1).
-3
(-9 - (-4 + -3)) + (2 - 8)
-8
Evaluate 6 + 2 + -7 + 2.
3
What is -4 + (-7 - -7) + 6?
2
Evaluate (1 - 5) + 7 + -3.
0
What is -2 - (-4 - 2) - 11?
-7
What is 0 - ((5 - -3) + -6)?
-2
What is -18 - -26 - (6 + -1)?
3
What is (1 - (-4 + -2)) + 2?
9
Evaluate 1 + 1 + -6 - -1.
-3
What is the value of 5 + (5 + -8 - 0) + -8?
-6
What is the value of 111 + -110 + 1 + -4?
-2
What is the value of 7 - (0 + -2 + 6 - -4)?
-1
(24 - 19) + 0 + -3
2
3 + -2 - 5 - (6 + -7)
-3
What is the value of -1 + (2 - 4) - -5 - 4?
-2
Evaluate -66 - -67 - (1 - 0).
0
Evaluate 5 + (10 - 5) + (-6 - 10).
-6
Calculate (8 + -16 - -10 - 9) + 14.
7
Evaluate 1 - (4 - (6 + 1) - -4).
0
Evaluate (3 - (8 - 3 - -2)) + 5.
1
Calculate (13 - 8) + (-1 - 2).
2
(-1 - -5) + 11 + -14
1
Evaluate 3 + -1 + -9 - -14.
7
Calculate 19 - 5 - 16 - (1 - 12).
9
What is the value of -2 + (-3 - 0) + 6 - -3?
4
What is -4 + 5 + -3 + 2?
0
What is the value of -5 + (-6 - -10) - -6?
5
What is the value of 3 - (-1 + 5 + 2)?
-3
Evaluate 1 - (11 + (-1 - 6)).
-3
Calculate 7 + 7 + -15 + 4.
3
Evaluate 2 + 0 + -6 - (-9 - -10).
-5
What is -3 + (-5 - -9 - 1) + -5?
-5
What is -3 + 7 - (-5 - -5 - -1)?
3
What is the value of -5 + 19 + -8 + -4?
2
Calculate -3 - (-5 - (3 - 10)).
-5
What is 0 - 3 - -1 - 0?
-2
What is the value of -7 - (-3 + -2 + 3)?
-5
What is the value of 9 - -1 - (3 - (2 - 4))?
5
Calculate 5 + -9 - (-1 - -1).
-4
1 + (11 - 5) - 4
3
What is the value of -5 + (-4 - -3 - -3)?
-3
3 - 3 - (3 + (-3 - -2))
-2
What is 3 + -1 - 0 - -2?
4
Evaluate -1 + (4 - 11 - -3).
-5
Evaluate 2 + -5 + 3 + -1 + 0.
-1
Calculate -6 + 4 + -4 + (-6 - -11).
-1
What is the value of 3 + (0 - (1 - -2))?
0
What is -6 + -1 + (4 - 0) - 0?
-3
Calculate (-8 - -5) + (7 - -1).
5
Calculate 2 - (-5 - -6) - (2 - 2).
1
What is the value of (10 - (-8 + 13)) + -1?
4
What is the value of (-5 - (-4 + 2)) + 7 + 1?
5
What is (0 - 4) + (-27 - -32)?
1
What is the value of 4 + (-9 + 7 - -4)?
6
Evaluate -5 + 9 - 7 - 10 - -6.
-7
-8 + 5 - (-4 - 4)
5
Calculate -1 - (-12 + 0 + 11).
0
(12 + -5 - 4 - 6) + 3
0
Evaluate (5 - (-2 + 7 - 3)) + -5.
-2
What is the value of -10 + (-1 - -7 - (2 + -1))?
-5
(-2 + 4 - -1) + -9
-6
What is the value of -5 + (4 - 7) + 8 - 1?
-1
What is 9 + (-7 - -7) + (-9 - -4)?
4
Evaluate 10 - (5 + -3) - 7.
1
Calculate (1 - 6) + 5 - -4.
4
What is 0 + (4 - (-1 + 3 - 0))?
2
Calculate 0 - (-1 - -2) - 0.
-1
Evaluate 4 + (4 - (-1 - -4)).
5
Calculate 1 + -3 - (-5 + -1).
4
What is the value of -2 + -4 + 3 - -2 - -1?
0
What is the value of -20 + (11 - 5) + 11?
-3
-6 + -1 + 4 - -7
4
What is the value of (22 + -16 - 2) + -6 + 2?
0
-10 + 4 + 5 + (-4 - -8)
3
-9 - -12 - 7 - -5
1
Evaluate -11 + 10 + -4 - (1 - 1).
-5
What is -12 + 3 - -8 - (1 + 7)?
-9
What is the value of -1 - 1 - (2 + (4 - 4))?
-4
What is the value of (-6 - 0) + (-5 - 1 - -15)?
3
What is the value of -2 + ((-6 - -1) + -4 - -4)?
-7
2 - (-2 + 0) - 4 - 3
-3
What is 7 + -13 - (0 - 3) - 3?
-6
What is -14 - 1 - (4 - 12)?
-7
What is -1 + 7 + (-1 - 3) + 2?
4
What is the value of 1 + -2 + (30 - 31)?
-2
Calculate 4 + -10 + (6 - (-5 + 10)).
-5
(-10 - -3) + (0 - -8)
1
What is 10 - (-4 + 5 - -7)?
2
What is the value of -8 - (-2 - ((-6 - -5) + 5))?
-2
Calculate -9 + 6 + -2 + 9.
4
Evaluate -9 - -3 - (2 + -4 + -1).
-3
Evaluate -2 + (-7 - -7) + -3 - 0.
-5
0 + (4 + -5 - -1)
0
What is 2 + 4 + (-3 - -2)?
5
(-1 - 1) + (29 - 26)
1
(2 - (2 + 3)) + -3 + 2
-4
What is 2 + -2 + 5 + -6?
-1
(1 - (1 - 2)) + (1 - 4)
-1
Calculate -7 + 13 + 11 + -16.
1
Calculate -5 + -1 - -3 - -4.
1
Evaluate 3 + (3 - 5 - 1).
0
What is -10 + -14 + 5 + 12?
-7
What is the value of 3 + (2 - (-4 - -12)) + 3?
0
What is the value of (0 - -3 - 4) + (0 - -4)?
3
What is the value of 3 + (2 - (8 - 4) - 6)?
-5
Calculate 1 - (6 + -6 + 1 + -2).
2
Calculate 20 + -21 - (-1 + 1).
-1
Calculate -4 + (0 - -4) - (-2 + 1).
1
What is the value of (-1 - 5) + 1 - -6?
1
Calculate 3 - (-5 + -5 + 10).
3
What is the value of -1 + (6 - 3) + 3 + 0?
5
What is the value of -6 + 6 + -18 + (-11 - -19)?
-10
Calculate -6 + 5 + 6 - -1.
6
Evaluate -3 - (-5 - (-1 + (-6 - -3))).
-2
Evaluate 12 + (2 - 6) + -1 + 0.
7
Calculate (-5 - 0) + (-2 - -7).
0
Calculate (-15 + 5 - -10) + -6.
-6
Evaluate (-6 - 8) + 11 - (1 + -8).
4
Calculate -5 - (-2 + 3) - (4 + -6).
-4
What is -4 + 6 + (1 - 0)?
3
What is the value of (5 - 6) + (8 - (2 - -1))?
4
What is (-2 - 2 - 2) + 2?
-4
3 + -5 + (0 - -5)
3
Calculate -4 + 10 + (-4 - -6) + -7.
1
Evaluate -6 - -1 - (-18 - (-5 + -10)).
-2
Calculate 0 - (3 + (-4 - (-2 - -1))).
0
(2 - (-4 + 13)) + 1 + 2
-4
Calculate -12 + (8 - 11) + 10.
-5
Evaluate 13 + (-18 - -3) + 4.
2
Calculate 1 + 0 + -3 + -2.
-4
Calculate 17 + -5 - ((8 - 3) + 0).
7
Evaluate 0 - (3 + 7 - 10).
0
Evaluate (2 + -5 - -2) + -2 + 3.
0
What is (4 - 6) + 2 + -4?
-4
What is the value of 1 - 0 - 10 - -5?
-4
What is 10 - (-9 + 7 + 8)?
4
Evaluate -8 + (-4 - -12 - (2 - -7)).
-9
What is the value of 4 + 1 + 1 + (-2 - -1)?
5
What is the value of -2 - (3 - (7 - 9))?
-7
Calculate (2 - 13) + -1 - (-119 + 114).
-7
Evaluate (1 - 3) + (13 - 9).
2
What is -9 + (-7 - (-1 + -8))?
-7
Evaluate 7 + 2 + 6 + -10.
5
What is (-8 - -10) + (1 - (-3 + 4))?
2
Evaluate -6 - (-2 - (-5 - -7)).
-2
What is the value of -4 + (4 - (2 - 3)) - -2?
3
43 + -45 - (1 - (-1 - -8))
4
Evaluate 0 - (-7 + 1 + 11).
-5
What is the value of (6 - (-8 + 16)) + (3 - 0)?
1
Calculate -2 + 1 + -1 - (-3 + 1).
0
What is the value of 3 - 1 - (-1 + -1) - -5?
9
Evaluate -6 + -6 + 16 + (3 - 1).
6
-2 + 5 - (12 - 7)
-2
Evaluate (-2 - 1) + (-3 - -2 - -14).
10
((1 - -2) + -4 - -4) + -6
-3
Evaluate 2 + (4 + -2 - (-7 + 12)).
-1
What is -13 - ((-3 - 9) + (0 - -7))?
-8
Calculate -52 + 65 + (-11 - -3).
5
Evaluate -3 + (2 - -1 - 4).
-4
What is 1 + (3 - 3) + 1?
2
What is the value of 8 - 4 - 4 - (-1 + -3)?
4
What is the value of -5 + (-5 + 2 + 5 - -5)?
2
What is -3 + (-13 - -7) + 10?
1
Evaluate -2 + (-5 + (6 - 5) - -9).
3
Evaluate 8 + 0 - ((2 - -5) + -4).
5
-8 - (-5 + -1) - -5
3
What is (10 - 6 - 6) + 0 + -3?
-5
Evaluate 5 - (13 + (-3 - 1)).
-4
Evaluate 7 + (-7 - (-4 - -7)).
-3
What is the value of (-1 - (-2 - 2)) + -3 + -2?
-2
What is the value of -4 + 9 - (-1 - -2)?
4
What is -3 - (-2 + 0 + 0 + -3)?
2
(0 - -3) + 28 + -26
5
What is the value of (-3 - -1) + -7 + 4?
-5
Evaluate (14 - (-2 - -1)) + (-10 - -4).
9
What is the value of (-12 + 6 - -5) + -2 - -1?
-2
-14 - (-4 + -5 + 0)
-5
What is the value of (-3 - -1) + 3 + -3?
-2
Evaluate 7 + (5 - 5 - (-1 - -3)).
5
Evaluate -14 - -5 - (0 + -8 + 5).
-6
-6 + 0 + 7 + -8 + 4
-3
What is the value of 0 + 2 - (4 + 1)?
-3
What is the value of -37 - -36 - (0 - 8)?
7
Evaluate 2 + -2 + 1 - (4 + 1).
-4
-4 + 2 + -3 + 2 + 0
-3
3 - (6 + -3 - -1)
-1
Calculate 2 + 0 + 7 + -12.
-3
What is -12 + 4 + (2 - (-2 + 4))?
-8
Evaluate -1 + 3 + (141 - 138).
5
Evaluate 6 + (-5 - 4) + (-1 - 2).
-6
What is the value of 0 + -1 + 0 - (-42 - -36)?
5
What is -6 + -11 + 7 + 4?
-6
What is the value of 5 + 0 + 12 + -17 - 1?
-1
What is -6 - ((0 - 2) + -14 + 6)?
4
Evaluate -1 + (4 - -8 - 5) + -1.
5
What is (-20 + 12 - -3) + 12?
7
Evaluate -4 + -1 + 7 - (-3 + 2).
3
Calculate -10 - (-5 - -1 - 1).
-5
What is the value of 1 - (3 + (7 - 5)) - -5?
1
Evaluate -2 + -1 - (-1 - 2).
0
Calculate -3 - 0 - (-1 - (0 + -1)).
-3
Calculate 2 + 3 - (6 + -6).
5
What is (-2 + 0 - -2) + 25 + -20?
5
Evaluate (-6 - 0 - -4) + -3.
-5
What is the value of -10 + (2 - 0) + 4 + 4?
0
What is the value of -6 + (-5 - (5 - (-6 + 21)))?
-1
What is the value of 4 + -1 